
Is 25772563 a multiple of 143?
False
Is 80876366 a multiple of 30?
False
Is 42159 a multiple of 6?
False
Does 51 divide 253946719?
False
Does 10473 divide 1681743867?
True
Does 1939 divide 33571846?
True
Is 28673430 a multiple of 4?
False
Is 435 a factor of 4169001854?
False
Does 3195 divide 395727363?
False
Is 155 a factor of 118199293?
False
Is 1949 a factor of 185862487?
True
Is 2278160 a multiple of 80?
True
Does 2 divide 15602851?
False
Is 3314 a factor of 80376516?
False
Does 10 divide 88146444?
False
Is 3501 a factor of 42229062?
True
Does 636 divide 4053864?
True
Is 254093169 a multiple of 3918?
False
Is 2498753552 a multiple of 482?
True
Is 8852562 a multiple of 46?
True
Is 20 a factor of 3415000?
True
Does 12 divide 878329956?
True
Is 8005890 a multiple of 5?
True
Is 26060562 a multiple of 73?
True
Is 90 a factor of 31521588?
False
Does 33 divide 33925551?
True
Is 58 a factor of 2969314118?
True
Does 3052 divide 1733569372?
False
Does 263 divide 447687542?
True
Does 19 divide 33625155?
True
Does 242 divide 91800204?
False
Is 83286953 a multiple of 22?
False
Does 657 divide 71875800?
True
Is 12 a factor of 71235927?
False
Does 43 divide 3962394349?
False
Does 1630 divide 45529744?
False
Does 477 divide 14281857?
True
Is 1507619575 a multiple of 77?
True
Is 12726373 a multiple of 11?
True
Is 431978206 even?
True
Is 7373975 a multiple of 145?
True
Does 36 divide 281779596?
True
Does 778 divide 1327793592?
False
Is 12 a factor of 25333044?
True
Is 17 a factor of 4683372?
False
Does 26 divide 137271031?
False
Does 12 divide 216003264?
True
Is 46 a factor of 469604852?
False
Is 57 a factor of 282981056?
False
Does 14 divide 3505502672?
True
Is 15 a factor of 6489627?
False
Does 8 divide 31607437?
False
Is 182 a factor of 7408958?
False
Does 8 divide 273785784?
True
Does 26 divide 9837490?
True
Is 39 a factor of 11446768?
False
Does 64 divide 122784118?
False
Does 12 divide 1316232843?
False
Does 123 divide 872462370?
True
Is 375 a factor of 1065583500?
True
Does 139 divide 36031474?
False
Does 6 divide 3376067?
False
Is 74 a factor of 578667568?
True
Does 84 divide 154422374?
False
Is 246 a factor of 434464290?
True
Is 3 a factor of 39496772?
False
Is 26 a factor of 1776851414?
True
Does 532 divide 19619096?
True
Is 593367 a multiple of 1054?
False
Is 22617180 a multiple of 36?
True
Is 3164 a factor of 238261856?
True
Does 82 divide 121292135?
False
Is 14644066 a multiple of 83?
False
Is 32 a factor of 2515637696?
True
Is 17692233 a multiple of 2271?
False
Is 19522828 a multiple of 37?
True
Does 14 divide 40656994?
True
Does 10 divide 264084776?
False
Is 161537280 a multiple of 992?
True
Is 1797 a factor of 7613889?
True
Is 36797759 a multiple of 787?
True
Does 3 divide 567444128?
False
Is 694 a factor of 932702768?
False
Does 23 divide 1742827?
False
Is 9046895 a multiple of 715?
True
Is 343131881 a multiple of 19?
False
Does 24 divide 395516328?
True
Is 8311281 a multiple of 5?
False
Is 57246179 a multiple of 2112?
False
Is 7733100 a multiple of 1118?
False
Does 10 divide 10687672?
False
Is 69396199 a multiple of 256?
False
Is 1741 a factor of 819537448?
True
Is 51532650 a multiple of 78?
True
Does 20 divide 427182781?
False
Is 105838771 a multiple of 11?
False
Is 68144234 a multiple of 149?
False
Is 815 a factor of 1552034?
False
Is 7621079 a multiple of 269?
False
Is 1002 a factor of 79992934?
False
Is 592146171 a multiple of 24?
False
Is 5809 a factor of 276242922?
False
Is 34 a factor of 99343614?
True
Is 2201 a factor of 87042947?
True
Is 229 a factor of 63201939?
True
Is 23 a factor of 870682523?
False
Does 100 divide 195581400?
True
Is 216 a factor of 573287112?
True
Is 596 a factor of 63310100?
True
Is 370349189 a multiple of 79?
False
Is 698 a factor of 117778426?
True
Does 602 divide 16344300?
True
Does 128 divide 619778113?
False
Does 177 divide 606897069?
True
Does 668 divide 41034839?
False
Is 29 a factor of 1533339301?
True
Does 57 divide 51750979?
False
Does 2 divide 176224187?
False
Is 764 a factor of 238073916?
False
Does 660 divide 108956834?
False
Does 1916 divide 62250840?
True
Does 10 divide 23826739?
False
Does 129 divide 4493770?
False
Is 32 a factor of 1267876475?
False
Is 761450796 a multiple of 522?
True
Is 14 a factor of 67166207?
False
Is 6031518465 a multiple of 15563?
True
Does 1036 divide 12658311?
False
Is 1396 a factor of 339718771?
False
Does 109 divide 1630909?
False
Is 279 a factor of 948108123?
True
Is 42452893 a multiple of 25?
False
Is 332983200 a multiple of 275?
True
Is 96179246 a multiple of 1156?
False
Does 85 divide 443184?
False
Is 557 a factor of 53097139?
True
Is 102979170 a multiple of 1115?
True
Does 11 divide 25473063?
True
Is 69 a factor of 12176075?
False
Is 88232568 a multiple of 37?
True
Is 1677304 a multiple of 71?
True
Is 1044243000 a multiple of 150?
True
Is 946 a factor of 12482470?
True
Is 1769186390 a multiple of 314?
False
Does 2786 divide 8246620?
False
Is 5388696021 a multiple of 1167?
True
Is 1903341518 a multiple of 197?
False
Is 724 a factor of 210138164?
False
Is 1208 a factor of 805329369?
False
Is 88379842 a multiple of 2659?
True
Is 568672645 even?
False
Does 714 divide 2880503052?
True
Is 27 a factor of 178967475?
True
Is 865208734 a multiple of 13?
True
Is 5 a factor of 62391580?
True
Is 1628 a factor of 112776444?
True
Is 2667448 a multiple of 109?
True
Does 37 divide 2726400426?
True
Is 81 a factor of 203896965?
False
Does 6253 divide 1227826574?
True
Does 3 divide 10013945?
False
Does 1457 divide 511507533?
True
Does 66 divide 3090216096?
True
Does 9 divide 1162309977?
True
Does 4 divide 165714032?
True
Does 607 divide 88032603?
True
Does 466 divide 98932732?
True
Is 179 a factor of 3793726?
True
Is 89392545 a multiple of 561?
True
Is 36947035 a multiple of 2?
False
Is 25 a factor of 41945959?
False
Is 34043900 a multiple of 44?
True
Is 49512990 a multiple of 197?
False
Does 784 divide 166611436?
False
Is 31 a factor of 1034581596?
False
Is 3077290657 a multiple of 585?
False
Is 12 a factor of 92433546?
False
Is 6 a factor of 40484417?
False
Does 86 divide 1489308849?
False
Is 2040647 a multiple of 8?
False
Does 93 divide 48769614?
False
Does 144 divide 3797568?
True
Does 32 divide 1507326560?
True
Is 88518324 a multiple of 135?
False
Is 36 a factor of 11198376?
True
Does 11 divide 2020354?
False
Does 6302 divide 47184805?
False
Is 11304746 a multiple of 22?
False
Does 10 divide 289521686?
False
Is 19 a factor of 96855111?
False
Is 5 a factor of 51813740?
True
Is 23 a factor of 196381360?
True
Is 338392670 a multiple of 55?
True
Does 1364 divide 115357572?
True
Does 9758 divide 1622004034?
True
Is 97528750 a multiple of 550?
True
Is 61 a factor of 70354899?
True
Is 6857535 a multiple of 15?
True
Is 7 a factor of 94674559?
True
Is 1398 a factor of 23912556?
False
Does 147 divide 327457966?
False
Does 78 divide 108261963?
False
Is 2402595436 a multiple of 6442?
True
Is 1072126494 a multiple of 4149?
True
Does 5 divide 5117610?
True
Is 589 a factor of 767153521?
False
Does 162 divide 32015574?
True
Does 111 divide 31601599?
False
Does 63 divide 24889914?
True
Is 561 a factor of 11214859?
False
Is 18 a factor of 366075648?
True
Does 608 divide 1721008448?
True
Is 10 a factor of 264310?
True
Is 40 a factor of 39620160?
True
Is 2 a factor of 2738884?
True
Is 82 a factor of 1653903510?
True
Is 31373755 a multiple of 67?
True
Is 2024 a factor of 26789388?
False
Is 1285073130 a multiple of 30?
True
Is 723 a factor of 177531204?
True
Is 13277356 a multiple of 137?
False
Does 187 divide 1627469041?
True
Is 1615 a factor of 139418324?
False
Does 1194 divide 1898462388?
True
Is 251784542 a multiple of 303?
False
Is 15299658 a multiple of 18?
True
Is 10 a factor of 1769747660?
True
Is 74 a factor of 44561331?
False
Is 62129430 a multiple of 54?
True
Is 399509351 a multiple of 279?
False
Is 2492976 a multiple of 622?
True
Is 731663488 a multiple of 59?
False
Is 25226208 a multiple of 2716?
True
Is 79486719 a multiple of 1027?
True
Is 5885357 a multiple of 71?
False
Is 72300638 a multiple of 26?
False
Is 166845240 a multiple of 482?
False
Is 286945582 a multiple of 77?
True
Does 285 divide 207921771?
False
Is 107736981 a multiple of 4?
False
Does 324 divide 1141842420?
True